 c(z) = z**2 - 6*z + 9. What are the prime factors of c(5)?
2
What are the prime factors of -3*((-3)/3*7 + 1)?
2, 3
Suppose -5*q - 5 - 5 = 5*h, -3*q + 4*h + 29 = 0. Suppose -q*r = -r - 4. Suppose -2*i - 3*l + 1 = 0, 3*i - 5*l - 24 = -r*l. List the prime factors of i.
5
Let a(b) be the first derivative of b**2/2 - 6*b + 2. Let y be a(8). Suppose -19 + 7 = -y*c. List the prime factors of c.
2, 3
Let u = 132 + 102. List the prime factors of u.
2, 3, 13
Suppose 4*k - 3 = j - 13, -5*j = k + 13. Let p be j/(4/(-6)) + -2. Suppose p = -5*s + 26. List the prime factors of s.
5
What are the prime factors of ((-1)/2)/(2/(-28))?
7
Let k be ((-6)/8)/((-3)/(-36)). List the prime factors of k*(0 + 2/(-6)).
3
Let y(c) = c**2 - 6*c - 4. Let i(l) = -l**3 - 7*l**2 - 7*l + 1. Let w be i(-6). What are the prime factors of y(w)?
3
Let y be (-21 - 3/(-3))*-2. Let c = y + -28. Let o = -8 + c. What are the prime factors of o?
2
Suppose -2 + 27 = 5*y. Suppose y*w - 19 + 4 = 0. What are the prime factors of w?
3
Suppose 2*s - 1 = 3. Suppose 0 = -s*v + 4*v - 22. Let t = v - 4. What are the prime factors of t?
7
Let u be (-1)/(1 - 6/4). Suppose 8 = 2*o - u. What are the prime factors of o?
5
Let l(a) = -a**3 - 9*a**2 - 8*a + 3. Let p = -4 + 7. Suppose 6*n + 24 = p*n. What are the prime factors of l(n)?
3
Suppose 0 = 2*s + 5*n - 31, n - 5 = 5*s - 3*n. Let y = 7 + s. Let m = 24 - y. What are the prime factors of m?
2, 7
Suppose -b - 4*b + 2*i = 14, 2*b - 4*i = -12. Let n = b - -5. What are the prime factors of n?
3
Suppose 44 = 2*r - 2*y, 3*r - 3*y = -r + 83. Let z = r + 5. What are the prime factors of z?
2, 11
What are the prime factors of -52*(-15)/(-6)*5/(-25)?
2, 13
Let x(n) = n**2 - 11*n - 8. Let a(i) = 4*i + 3. Let m(d) = 11*a(d) + 4*x(d). What are the prime factors of m(-2)?
17
What are the prime factors of ((-33)/6 + 2)*8/(-14)?
2
Let y = 5 - -24. Suppose 3*q + 2*f = -2*q - y, -5*f = 10. Let h = q + 23. What are the prime factors of h?
2, 3
Let q = -34 - -84. List the prime factors of q.
2, 5
Suppose -x + 5*x = 12. Suppose -x*g - 10 = -f, -3*f + g + 27 = -27. What are the prime factors of f?
19
Let v be (-14)/(-8) + 4/16. Suppose -v - 1 = -k. Suppose 0 = -2*l + 4*l + 5*c + 3, -5*l + 21 = k*c. List the prime factors of l.
2, 3
Suppose 0 = -w + s - 0*s + 7, -4*s - 14 = -2*w. List the prime factors of w.
7
Let x = 72 - 25. List the prime factors of x.
47
Let t = 90 - 40. Let f = -23 + t. What are the prime factors of f?
3
Let c be (-2)/2 - (240 - 1). What are the prime factors of (c/(-18))/((-2)/(-6))?
2, 5
Let b(r) = r**2 - 9*r + 4. Suppose -4*g + 6 = -34. What are the prime factors of b(g)?
2, 7
Suppose -3*g + 5 + 7 = 0. Let w(q) = 6 - q**3 + 5*q**2 + q**3 - q**3 - 3*q. What are the prime factors of w(g)?
2, 5
Let r = -26 + 60. Let w be (-60)/(-14) + 2/(-7). Suppose w*v + r = 102. List the prime factors of v.
17
Let k be 110/6 + (-4)/(-6). Let m = k - 13. Suppose 5*q - m*j + j = 65, -4*q + j + 67 = 0. What are the prime factors of q?
2, 3
Let o(b) = -b**3 + 6*b**2 - 4*b - 2. Let f be o(5). Let u(z) = f - 4*z**3 - 2*z**3 + z**2 - 3*z**2 + 5*z**3. List the prime factors of u(-3).
2, 3
Let c be 0 - (-8 - (-1)/(-1)). Let h = 3 + c. What are the prime factors of h?
2, 3
Let d(u) = 66*u**3 - u**2. What are the prime factors of d(1)?
5, 13
Let o be (42/9)/(2/3). Suppose -2*p - 40 + 32 = 0. What are the prime factors of -3*p/6*o?
2, 7
List the prime factors of 14448/42 + 2/(-1).
2, 3, 19
Let b = 9 - 5. Suppose g = b*z + 2*g - 60, -z + 15 = g. Let i = z - 5. List the prime factors of i.
2, 5
Suppose 3*c - 18 = -g, -5*c = g + 2*g - 38. What are the prime factors of 15 - (g - (1 - -2))?
2, 3
Let n be 177*(-1)/3*-1. Suppose 21 = 4*t - n. What are the prime factors of t?
2, 5
Suppose 4*y = -v + 25, 3*y - 14 = 1. List the prime factors of v.
5
Suppose 0 = 4*f - 226 - 18. List the prime factors of f.
61
Suppose 2*q = -0*q. Suppose 0 = -3*a - q*a + 3*t + 42, 48 = 4*a + 4*t. List the prime factors of a.
13
Suppose 4*n + 5 - 21 = 0. Suppose -f + 3*f = -n. What are the prime factors of (-36)/(-16)*(f + 6)?
3
Let g(k) = -k**3 - k**2. Let f be g(-1). Suppose -2*c - 4*r + 14 = -2*r, -3*r = 4*c - 28. Suppose f = -7*q + 6*q + c. List the prime factors of q.
7
Suppose -3 = 2*v - 4*y + 1, 3*v - y - 9 = 0. Suppose 4*z - 2*b + 46 = 0, 0 = -v*z + 2*b - 3*b - 61. What are the prime factors of (-36)/z*(-42)/(-9)?
2, 3
Let i(j) = -j**3 + j**2 - j - 1. Let v(k) = -3*k**3 + 5*k**2 - 2*k + 1. Let s(o) = i(o) - v(o). List the prime factors of s(3).
19
Let d(f) = -7*f - 7. List the prime factors of d(-4).
3, 7
Let t be (2 - 9/6)*4. Suppose -t*o + 8 = -o. What are the prime factors of o?
2
Let q = -69 - -135. Suppose -4*s - 80 = -2*p, -4*p - 5*s + 146 = -q. List the prime factors of p.
2, 3
Let l(z) = 3*z**3 + 8*z**2 - 4*z - 1. Let m(y) = -4*y**3 - 9*y**2 + 3*y + 2. Let k(d) = -3*l(d) - 2*m(d). What are the prime factors of k(-7)?
2, 3
Let z = -43 + 128. List the prime factors of z.
5, 17
Suppose -4*r + 3*r + 5 = 0. Suppose 4*a + r*l = 4*l + 64, -2*l + 8 = 0. What are the prime factors of a?
3, 5
Let s(u) = -10*u**2 - 55*u - 55. Let h(v) = -v**2 - 6*v - 6. Let w(g) = 55*h(g) - 6*s(g). What are the prime factors of w(-1)?
5
Suppose j + 0*j = -32. Let c = 14 - j. List the prime factors of c.
2, 23
Suppose -3*q + 3 + 3 = 3*z, q - z - 6 = 0. Let w = q - -10. What are the prime factors of w?
2, 7
Let p(w) = -w**2 + 5*w + 3. Let l be p(5). Suppose -7*b + l*b = 36. Let a = b + 15. List the prime factors of a.
2, 3
Suppose 0 = -12*t + 11*t + 5. Let a = 4 - 7. List the prime factors of 12/a + 2 + t.
3
Let f = 645 - 1135. What are the prime factors of f/(-63) - (-2)/9?
2
Suppose -4*y = 4, y - 18 = -v + 5. List the prime factors of v.
2, 3
Let p = -5 - -7. Suppose 105 = 5*u + p*a, -3*u + 0*a = -3*a - 63. List the prime factors of u.
3, 7
Let m(f) = f**3 - 4*f**2 + 4*f + 3. Suppose j - 10 - 25 = 0. Suppose c + 3*h = -4*c + j, 0 = 3*h - 15. List the prime factors of m(c).
19
Let f(w) = 2*w - 11. Let j be f(8). Suppose j*o = 10, d + 2*d + 2*o - 13 = 0. List the prime factors of (4/8)/(d/42).
7
Let b be (-191)/9 + 4/18. Let s = 37 + b. List the prime factors of s.
2
List the prime factors of 237/5 - 6/15.
47
Let n(i) = -2*i + 2*i - 2*i. Let b be n(-6). Suppose -5*j = -2*u - 40, 0 = 4*u - b - 8. What are the prime factors of j?
2, 5
Let h = 0 - -2. Suppose -h*q = -3*q. Let s = 4 + q. List the prime factors of s.
2
Let h = 2 + 1. Suppose h*p = p + 4. What are the prime factors of p?
2
Let n(c) = -2*c. Let z be n(-1). Let f(p) = 2*p + p**z - 3*p - p**3 + 9 + 0*p**2 + 0*p. List the prime factors of f(0).
3
Suppose 0 - 57 = -3*j. Suppose -5*p - j = -189. What are the prime factors of p?
2, 17
Let i = 195 - 126. List the prime factors of i.
3, 23
What are the prime factors of 4113/63 - (-4)/(-14)?
5, 13
Let h(o) = -o**2 + 9*o - 7. Let v be h(5). Suppose -4*j + 1 = -5*m - v, -5*j = -2*m - 9. Let t = j + 4. What are the prime factors of t?
5
Suppose -3*m + 241 = 1. Let z = m - 49. List the prime factors of z.
31
Suppose -2 = -3*l - 2*s + 3, 3*l - 10 = -s. What are the prime factors of l?
5
Suppose 0 = 4*r - 0*r - 20. Suppose 5*n + r*j + 35 = 0, 8 = -0*j + 2*j. Let z = n - -21. What are the prime factors of z?
2, 5
Let v be (2/4)/((-2)/4). Let z = 0 - v. Suppose -40 = -3*w - 5*f, -3*w = -f - z - 9. What are the prime factors of w?
5
Suppose 5*l + c = 117, 10 = 5*c - 0*c. Suppose -3*v = -34 - l. What are the prime factors of v?
19
Suppose -2*z - 254 = -4*d, 3*d + 5*z - 194 = 3. Suppose -d = -5*g - 4*a, 3*g = -3*a + 2 + 34. List the prime factors of g.
2
Let l = -24 - -73. List the prime factors of l.
7
Let f(y) = y**3 - 2*y**2 + y + 1. Let t be f(2). Suppose k - 5*u - 35 = 0, -4*k = -t*k + 4*u - 44. Suppose 3*n - k = -n. What are the prime factors of n?
2, 5
Let c(a) = -4*a. Let b be c(-5). Suppose -x + 298 = 4*x - v, 2*v = 2*x - 116. Suppose 0 = 5*j - x + b. What are the prime factors of j?
2
Suppose x = 4*v + 11, 3*v + 6 = -0*v. Suppose a - 8*m - 15 = -3*m, x*m - 103 = -5*a. List the prime factors of a.
2, 5
Let d be (-2)/(-8) - (-163)/4. Let z(y) = 3*y**2 + 5*y + 2. Let k be z(-3). Suppose 4*s - 3*c = d, -4*s = -4*c - k - 30. What are the prime factors of s?
2
Suppose -5*n - 5 = 5*r, -5*n = -6*r + 3*r + 29. Suppose 0 = 